 units digit of f?
2
Suppose 5 - 8 = 3*z, -5*d = 5*z + 5. Suppose d = -5*i - 5*l + l + 13, 2*i - 2*l = 16. What is the units digit of i?
5
Let n(z) = 47*z**2 + 18*z + 20. Let r(u) = 23*u**2 + 9*u + 10. Let o(l) = -6*n(l) + 13*r(l). What is the tens digit of o(-3)?
3
Let w = 347 - 193. Suppose 66 + w = 4*u. Suppose -35 - u = -2*h. What is the units digit of h?
5
Let b be (-47)/(4 - (-3 + 6)). Let z = 84 + b. What is the units digit of z?
7
Let z = 579 + -263. What is the tens digit of z?
1
Let u be 112/(-35)*10/(-4). Let d(z) = 0 - 6*z + u*z + 1. What is the units digit of d(2)?
5
Let m(l) = -6*l - 94. What is the units digit of m(-17)?
8
Let p = 4512 + -2553. What is the units digit of p?
9
What is the tens digit of (-28 + 32)/(4/203)?
0
Suppose f = 4*i, -f = -2*f - 4*i. Suppose -8*a + 289 + 143 = f. What is the tens digit of a?
5
Let i(v) = 10*v**2 + 3*v + 4. Suppose -4*d - 21 = t, 2*d - 3 = -4*t - 31. What is the hundreds digit of i(d)?
1
Suppose 5*v - 514 - 191 = 0. What is the tens digit of v?
4
Let m(z) = 72*z**2 - 6*z - 11. Let l be m(-2). Suppose 3*i - l = -4*n + 2*n, -602 = -4*n + 2*i. What is the units digit of n?
9
Let g(p) = 34*p**2 - 65*p - 1. What is the thousands digit of g(-5)?
1
Let i = 13 - 7. Let d(b) = 3*b**2 + 3*b + 12. Let c(u) = u**2 + 2*u + 6. Let s(j) = -5*c(j) + 2*d(j). What is the units digit of s(i)?
6
Let n(x) = -x**2 - 2*x + 4. Let j be n(0). Suppose j*b - 1 = 215. What is the tens digit of b?
5
What is the tens digit of (-126)/(5/((-500)/15))?
4
Let c = 3934 - -2720. What is the units digit of (-12)/(-32) - c/(-48)?
9
Let f be ((-2)/4)/(1/(-62)). Let l(c) = -2*c**2 + 86*c - 57. Let q be l(42). Let x = q + f. What is the units digit of x?
8
Let i = 693 - 280. What is the tens digit of i?
1
Let l(w) = -w**2 - 3*w - 2. Let g be l(-2). Suppose g = 4*a + y - 9, a + 4 = y - 0. What is the units digit of 76/(-12)*(-3)/a?
9
Suppose 71 + 20 = 7*j. Suppose 4*q + 27 = -j. What is the units digit of (-8)/q*185/2?
4
Let k(v) = -3*v**2 - 23*v. Let o be k(-8). Suppose -8 + 0 = 2*m. Let d = m - o. What is the units digit of d?
4
Suppose -g + i + 1048 = 0, 0 = -5*g - 6*i + 2*i + 5258. What is the tens digit of g?
5
Suppose -4520 = -9*t + t. What is the hundreds digit of t?
5
Suppose -2*g - 8 = -c - 0*g, 0 = -3*g - 15. Let u be (88/(-3) - c)*-3. Suppose -p + 4*d - u = -3*p, 5*p - 212 = -3*d. What is the tens digit of p?
4
Let r = 5308 + -2985. What is the units digit of r?
3
Let u = -25 - -28. Suppose -5*d = -5, 0 = u*n - d - d - 73. Suppose 5*x = n, b = 2*x + 32 + 3. What is the units digit of b?
5
Let x be 66/(60/(-42) + 6/14). Let z = 165 + x. What is the units digit of z?
9
Let k(g) = -2*g + 6. Let z be k(0). Suppose 5*l = -5*n + 60, 0 = 4*n + z*l - l - 46. What is the units digit of n?
4
Let q(b) = 13*b - 5. Let v be q(4). Suppose -u + 4 = -2*g + u, 0 = -5*g + 3*u - 2. Suppose -r = -g*r + v. What is the units digit of r?
7
Let z = -2 - 5. Let f(q) = -3*q - 3. Let y be f(z). What is the units digit of y/(-81) + 200/9?
2
Let q(l) = 8*l + 1. Let c be q(-1). Let n = 7 + c. Suppose n = -y + s + 53, -4*y - 3*s + 47 = -158. What is the tens digit of y?
5
Let f(n) = 130*n - 92. What is the tens digit of f(2)?
6
Let b(m) be the second derivative of -m**3/2 - 3*m**2/2 - 2*m. Let d be b(-2). What is the tens digit of 22 - (d - (3 - 2))?
2
Let u(d) = -6*d**3 + 4*d**2. Let y be u(-4). Suppose 0 = -5*b - 3*m + y, 0 = 5*b - 4*m - 95 - 346. What is the tens digit of b?
8
Suppose -3*u + 3 = 0, q - u - 147 - 91 = 0. Suppose -q = -r - f, -403 = -r - 4*f - 164. What is the tens digit of r?
3
Suppose -6*t = 2*y - 2*t - 10, -5*y = -t - 47. Suppose -y*x + 67 = -59. What is the tens digit of x?
1
Suppose 2*k - 3010 + 444 = 0. What is the hundreds digit of k?
2
Suppose k - 134 = y, 2*k + 2*y = 7*y + 253. What is the hundreds digit of k?
1
Suppose 4*x = 12912 + 564. What is the tens digit of x?
6
Suppose -3*f = 5*w - 16, -4*f + 2*w + 30 = -0*w. Let z(l) = -l**3 + 7*l**2 - 2*l - 3. Let b be z(f). Let c = b + 29. What is the units digit of c?
2
Let n = -74 + 44. What is the tens digit of (-442)/(-5) - (-5 + (-162)/n)?
8
Let q(j) = -5*j**3 - 2*j**2 + j + 2. Let u(d) = 5*d**2 + 4*d**2 - 2 + 2*d - 5*d**2 - 3*d**2. Let s be u(0). What is the tens digit of q(s)?
3
Let r = 817 - 363. What is the tens digit of r?
5
Suppose -5*v - 4*s = -5*s - 4693, -3752 = -4*v + 2*s. What is the tens digit of v?
3
Suppose 48*x + 89125 = 71*x. What is the tens digit of x?
7
Let p be 752/14 + (-2)/(-7). Let j = p - 15. What is the units digit of j?
9
Suppose 5*p = -5*r - 1795, 7*p = 4*p. Let j = -209 - r. What is the tens digit of j?
5
What is the hundreds digit of -782*((2 - (-6 + 3)) + -7)?
5
What is the tens digit of (225/(-18))/(4/(-768))?
0
Suppose 10*d - 3568 = 1242. What is the tens digit of d?
8
Let g be 28 - 0 - 2/2. Suppose -6 = -4*n + 2*n. What is the units digit of -2 + n + g - 1?
7
Suppose 3*b - 4*p = -172, b + 32 = -7*p + 2*p. Suppose -25 = 5*d, 22 = y - 5*d + d. What is the tens digit of (y + -3)/(4/b)?
1
What is the units digit of 1410/18 - 6/(-9)?
9
Let z = -1 + 3. Let k(q) be the second derivative of 7*q**3/6 + q**2/2 + 2*q. What is the tens digit of k(z)?
1
Let x be (-4206)/(-12) - 1/2. Suppose 0 = 2*j - 0*j - 4*a - x, -5*j - 5*a + 905 = 0. What is the units digit of j?
9
Let i = -115 + 135. Let q be 14/6 + (-2)/(-3). Let d = i - q. What is the tens digit of d?
1
Let l be 1/2 + (-6)/12. Suppose -3*c + 5*q = 22, c + q + 2 = -l. Let s(o) = -2*o**3 - 3*o**2 - 4. What is the units digit of s(c)?
6
Suppose -5*k - 5*v - 10 = 0, 3*v = k - 0*k - 14. Suppose -k = 2*s - 72. Let c = 56 - s. What is the units digit of c?
1
Suppose -26*w + 12559 = -7*w. What is the hundreds digit of w?
6
Let c = 130 + 95. What is the hundreds digit of c?
2
Suppose 4*x - 8*x + 28 = 0. Suppose 5*q + 8 = -x. What is the tens digit of (-87)/q + 5 + -7?
2
Let l = -796 + 1444. What is the tens digit of l?
4
Let n(o) = o**2 + 3*o - 9. Let z be n(-6). Let c = z + -9. Suppose -3*u - y + 59 = 0, c*u + 4*u = -5*y + 86. What is the units digit of u?
9
Let o = 17 - 13. Let h(t) = t**3 - 3*t**2 - 3*t + 5. Let v be h(o). Suppose -r - 4*k + v = 0, -2*r + 5*k = k - 30. What is the tens digit of r?
1
Suppose 3*y = -h - 4, 8*y + 3 = 4*y + h. What is the units digit of y + (-50)/(-15)*24?
9
Let f = 106 + 253. What is the units digit of f?
9
Suppose 3*y = -3*w, -5*y + 2*w + 22 = 8. Let d(q) = 1 + 4*q + 28*q - 7. What is the tens digit of d(y)?
5
Let o(k) = k**3 - 12*k**2 + 13*k + 4. Let t be o(10). Let d be t/8*28/(-7). Suppose -3*q = -d - 18. What is the units digit of q?
7
Let x be (-660)/20 - 0*2/4. Let v = x - -113. What is the tens digit of v?
8
Let n = -12 - -10. What is the tens digit of (-2)/(64/(-4516)) + n/16?
4
Let n be 2 - (-2 - -14)/3. Let w be (-3)/(n - (-30)/14). What is the units digit of (14/(-6) - -2)*w?
7
Let r(t) = t**3 + 8*t**2 + 9*t - 10. What is the units digit of r(-6)?
8
Let s(b) be the second derivative of -7*b**3/6 - b**2/2 + 2*b. Let u be s(-1). Suppose k - u*p - 6 = -2*p, -p = 4*k - 75. What is the units digit of k?
8
Let t(s) = s**3 - 6*s**2 + 6*s + 3. Let p be t(5). Let m be ((-159)/4)/((-3)/p). Suppose -4*u + m = 22. What is the units digit of u?
1
Suppose 0 = -5*a - 10, -2*f + 0*a + 5052 = 2*a. What is the units digit of (f/12)/4 - (-4)/(-6)?
2
Suppose -2*k + 4 = -4*o, 3*k - 6*k - 5*o + 39 = 0. What is the tens digit of -75*1*k/12*-1?
5
Let a(z) = -4*z**2 + 8 + 2*z**3 - 10*z - 4*z**3 + 3*z**3 + 0*z**3. What is the units digit of a(6)?
0
Suppose 3*n = 5*x + 44, 5*x + 46 = -n - 6. Let s be -1 - (-1)/((-2)/x). Suppose -s*g + 0*g + 36 = 4*m, -g = -m + 3. What is the units digit of m?
6
Let b = 81 - 79. Suppose -7*j + 812 = -3*j + 3*t, b*t = -5*j + 1008. What is the hundreds digit of j?
2
Suppose 22*m - 11052 = 21618. What is the hundreds digit of m?
4
Let j(m) = m**3 + 8*m**2 + 5*m - 12. Let z be j(-7). Suppose -z*i = 5*i - 1708. What is the units digit of i?
4
Let q = -40 - -532. Suppose 5*i + i = q. What is the units digit of i?
2
Let x = -523 + 832. Suppose -6*g + x = 57. What is the tens digit of g?
4
Suppose 2*f = 9*f. Let t(b) = b**2 - 2*b + 29. What is the tens digit of t(f)?
2
Let w be (-3*98)/(-2) + -1. Let d = w + -262. What is the tens digit of (-16)/2*d/16?
5
What 